4 + -2 - (-36 - 2). What is the greatest common divisor of 5 and o?
5
Suppose 0 = 2*h + 3*u + 5 - 2, -4*u - 24 = -4*h. Let m be (-6)/h + (1 - -7). Calculate the highest common divisor of 48 and m.
6
Suppose -2*s = s + 96. Let q be s/(-3 - (-11)/4). What is the highest common factor of q and 16?
16
Suppose -5*c - 3*a + 563 = 0, -5*c + 824 - 265 = -a. What is the highest common divisor of 14 and c?
14
Let f be (-1)/(1/(-31) + 0). Suppose 3*d - 3*x + 8*x - f = 0, 2*x - 10 = 0. Let w be (d - (-14)/(-6))*-6. What is the highest common divisor of 8 and w?
2
Let x(h) = 16*h**3 - 2*h**2 + 1. Let f be x(1). Suppose 5*z - f = -0*z. Suppose v + 2 = y - z, -5*v = 3*y - 47. What is the greatest common factor of y and 9?
9
Suppose 3*p + 6 = 0, -5*p - 37 = -2*k - k. Calculate the greatest common divisor of 3 and k.
3
Let p be (24/(-10))/((-3)/15). Let x = -1 - -4. What is the highest common factor of x and p?
3
Let u(x) = x**2 + 5*x + 6. Let m be u(-4). Suppose 14 = 4*a + m*p, -4*a + p - 6*p = -17. Suppose a*j + 4 = 4*j. What is the greatest common divisor of j and 12?
4
Let a = 11 - 14. Let j(i) = -i**3 - 2*i**2 - i + 2. Let m be j(a). Calculate the highest common divisor of 14 and m.
14
Suppose -3*s + 2*h = -2 - 21, 0 = -3*s - h + 20. Let p = 20 + -13. What is the highest common factor of s and p?
7
Suppose -12 = -2*c - 40. Let r be 46/14 + c/49. What is the greatest common divisor of 9 and r?
3
Let s be -8 + 142 + 1*-2. Let p = -47 + s. What is the greatest common factor of 34 and p?
17
Let b be (31/(-4))/(((-3)/84)/1). Calculate the greatest common divisor of b and 31.
31
Let w(q) = q - 1. Let y be w(5). Suppose -y*m + 0*h = 4*h - 12, -4*m + 5*h = -21. Let a = 46 - 2. Calculate the highest common factor of m and a.
4
Let o = 0 - -4. Suppose -r - o = -22. Let c = r + 87. What is the highest common factor of c and 15?
15
Suppose 0 = f - 34 + 5. Let k = 73 - f. What is the highest common divisor of k and 110?
22
Let l(o) = -o + 88. Let y be l(0). Calculate the highest common factor of 22 and y.
22
Let x(t) = -2*t**3 + t**2 - 2*t + 1. Let d be (4/6)/((-3)/(-9)). Let w be x(d). Let u be 0 + 0 - 1 - w. What is the greatest common divisor of 2 and u?
2
Let n be (15/(-15))/(1/(-13)). What is the greatest common divisor of n and 52?
13
Let w = 148 + -85. Let s be (-21)/w + (-10)/(-3). Suppose -j = -4*x + 49, -x - 4*j = -0*x - 8. What is the greatest common divisor of x and s?
3
Suppose 0 = 3*i - 4*i - 4. Suppose 4*f = 4*w - 6*w - 8, 2*w - 5*f = 37. Let q be 70*(-1 - w/i). What is the highest common factor of 7 and q?
7
Let c = 190 + -118. Suppose 5 - 37 = 4*i. Let a = i - -16. Calculate the highest common divisor of c and a.
8
Suppose -20 = -5*k + 5. Let c(n) = n - 5. Let l be c(6). What is the greatest common divisor of k and l?
1
Let q be ((-2)/3)/((-23)/414). Calculate the greatest common factor of q and 36.
12
Suppose 4*q = 8 + 8. Suppose -268 = -6*l + 2*l + 4*y, 3*y = q*l - 265. Calculate the highest common divisor of l and 8.
8
Let i(a) = -a - 5. Let j be i(-9). Let q(r) = -r**3 + 6*r**2 - 3*r + 1. Let w be q(j). Calculate the greatest common divisor of w and 105.
21
Suppose m = -4, 256 = -2*y + 7*y - 4*m. What is the highest common factor of 12 and y?
12
Let l = 34 - 21. Suppose 209 = 5*m - 506. Calculate the highest common factor of l and m.
13
Suppose 2*y - l - 256 = 0, y - 256 = -y - l. What is the highest common divisor of y and 16?
16
Suppose 0 = -3*c + 4*o - o + 183, o + 5 = 0. Let u = -5 - -7. Let k = 6 + u. Calculate the greatest common factor of k and c.
8
Suppose 2*n = -3*n + 280. What is the greatest common divisor of 28 and n?
28
Let o(u) = 2*u**2 + 14*u + 4. Let h be o(-7). Calculate the highest common factor of 2 and h.
2
Suppose -9 + 29 = 4*v. Calculate the greatest common factor of v and 40.
5
Let o(h) = 3*h**3 + 2*h**2 - 3*h - 3. Let j be o(-2). Let c = j - -22. Suppose -63 = 7*d - 8*d. What is the highest common divisor of d and c?
9
Suppose 4*d = 2*r + 162, r - 3*r - 5*d - 162 = 0. Let o = r + 119. What is the highest common factor of o and 57?
19
Suppose t = 0, -26 = -2*d + 3*t + 22. What is the highest common divisor of 16 and d?
8
Let q = 23 + -12. Let d = q - -1. Let n be (6/(-8))/((-3)/d). What is the greatest common divisor of n and 21?
3
Suppose l + 3*l = 384. Let b = 171 + -159. Calculate the greatest common factor of l and b.
12
Let d(f) = -f**3 + 4*f**2 + 2*f - 4. Let v be d(4). Suppose 17*z - 116 = 12*z - 4*k, 0 = 5*z + 5*k - 120. Calculate the highest common factor of v and z.
4
Let n(y) = 4*y + 22. Let t be n(9). Suppose 2*d + 0*d + u - 37 = 0, 3*d - t = -u. What is the highest common factor of 42 and d?
21
Let s = -1 + 3. Suppose s*m + 4 - 10 = 0. Suppose c + 48 = m*c. What is the highest common divisor of 48 and c?
24
Let d(v) = -2*v - 1. Let r be d(2). Let q(n) = -n**3 - 4*n**2 + 2*n - 7. Let i be q(r). Calculate the highest common factor of 8 and i.
8
Suppose 33 = -4*i - 5*x, 2*i = -2*i + 2*x + 2. Let a be 1*i/2 - -15. Let d = a - 7. What is the highest common factor of d and 42?
7
Let f(r) = -r**2 + 2*r + 2. Let d be f(3). Let w be 3 + d - (2 + -1). Let v be ((-3)/6)/(1/(-6)). What is the greatest common factor of v and w?
1
Suppose 4*f + 2*j - 484 = 4*j, 5*j = 3*f - 363. Suppose f = 3*s + 28. Suppose 2*z - u = 67, -s = -z - u + 2*u. What is the highest common factor of 24 and z?
12
Let g(h) = 2*h**2 + 5*h + 5. Let a be g(-4). Calculate the highest common factor of a and 68.
17
Let h(g) = 10*g - 1. Let r be h(-1). Let p = 0 - r. Let y = -3 - -14. Calculate the highest common factor of y and p.
11
Let p = -1 - -1. Suppose 0 = 3*d + 2*g - 12, g = -d + 5*d - 5. Suppose -d*k - z + 2 = 0, k - z - 5 - 2 = p. Calculate the greatest common divisor of k and 12.
3
Let j be 6/27 + (-10)/45. Suppose 0*m + m - 2 = j. What is the highest common divisor of m and 18?
2
Let z be 1*2 - (2 + -2). Suppose 22 = 5*x - z*p, -5*x - 3*p = 2*p - 50. Suppose -5*o + 14 + 31 = 0. Calculate the highest common factor of o and x.
3
Let w = 18 - 3. Calculate the highest common divisor of 5 and w.
5
Let j be -6*(-1)/(3 + 0). Suppose 5*k = 4*a - 176, 0*a - j*k + 70 = 2*a. Calculate the greatest common divisor of 26 and a.
13
Let s = 72 - 102. Let x = -14 - s. Suppose -5*q = 3*y - 67, -2*q - 3 = -1. Calculate the greatest common divisor of x and y.
8
Let j = -17 + 28. Suppose -2*u - 16 = -6*u. Suppose 5*t - 3*g - 40 = 0, u*t - 6*t - g + 27 = 0. Calculate the greatest common factor of j and t.
11
Let d(p) = p**2 + 3*p + 2. Let k be d(-5). Let o be ((-156)/91)/((-2)/70). What is the highest common factor of o and k?
12
Let z = 30 - 16. Suppose 19 = o + 4*b, 3*b - z - 49 = -4*o. What is the highest common factor of 30 and o?
15
Suppose 0 = -0*f + 4*f - 460. Let n = 203 - f. Calculate the greatest common divisor of 22 and n.
22
Suppose -2*n - 14 = -4*f, 6*f + 16 = 2*n + 8*f. What is the greatest common factor of 45 and n?
3
Let v be 16/(-6)*(-15)/10. Suppose -8 = 2*f - 4*o, -5*f + v*o - 10 = -4*f. Suppose 0*n = 2*n - f. What is the greatest common divisor of n and 8?
1
Let g = -6 - -10. Suppose g*b - 210 + 18 = 0. What is the greatest common divisor of 32 and b?
16
Suppose 3*r - 8*r = 5. Let i be -1*(2 - (-58)/r). Calculate the greatest common divisor of i and 7.
7
Let r = 53 + -35. What is the greatest common factor of r and 162?
18
Suppose 3*a - q = 2*q + 132, 2*q - 72 = -2*a. Suppose -2 = -x + 14. Calculate the greatest common factor of a and x.
8
Let g(x) = x**3 - x**2 + x + 12. Let p be g(0). Let u be (-20)/(-1) - (1 + 1). What is the highest common factor of u and p?
6
Suppose -825 = -5*a - 0*a. What is the greatest common factor of 15 and a?
15
Let b = 35 + 52. What is the greatest common factor of 29 and b?
29
Let r(b) = -b**3 - 7*b**2 + 3*b + 12. Let a be r(-9). What is the highest common divisor of a and 21?
21
Let n = 88 - 32. What is the greatest common divisor of n and 70?
14
Suppose 7*i - 149 - 376 = 0. What is the greatest common divisor of 25 and i?
25
Suppose 0 = -2*i + 4, -4*x + 29 + 65 = -i. What is the highest common factor of 16 and x?
8
Suppose 4*a = a - 12, 2*a = -2*b + 12. Calculate the highest common divisor of 4 and b.
2
Let g = 25 + -3. What is the highest common factor of 44 and g?
22
Let u(x) = x**2 + 2*x + 7. Let p be u(-5).